*2 + y + 3. Let s(l) = -l**2 + 1. Let w(c) = g(c) - 3*s(c). Determine w(3).
21
Let c be (-7)/21 + (-7)/(-3). Let y(b) = c*b - 4*b - 6 + b**2 + b - 3. Calculate y(0).
-9
Let f(w) = w**3 - 5*w**2 - 6*w. Let u be f(6). Suppose 5*z - 6 + 1 = u. Let n(v) = -7*v**3 + v**2 - 2*v + 1. What is n(z)?
-7
Suppose -4*m = -3*m + 2*q + 7, 0 = 4*m + 2*q - 2. Suppose 2*j - 16 = j + 5*r, -4 = 4*j - m*r. Let g(t) = t - 2*t - 2*t**2 + 3 - 2*t + t**2. Calculate g(j).
-1
Suppose -3*m = l - 9, -13 = -5*l - m + 2*m. Let j = l - 8. Let u(v) = 5*v + 4 + 4 - 1 - v**3 - 4*v**2. What is u(j)?
7
Let r(z) = z**2 + z + 1. Let o be (4 + 14/(-4))*-2. Determine r(o).
1
Let h(g) = 79 + g - 75 + 0*g. Let n(s) = s**2 - 3*s. Let l be n(3). Calculate h(l).
4
Let s(q) = -7*q + 23. Let u(g) = -5*g + 15. Let f(p) = 5*s(p) - 8*u(p). Determine f(6).
25
Let f be (1*-3)/(21/35). Let c(u) = -u**2 - 7*u - 7. Determine c(f).
3
Let u = -3 - -3. Let o = 0 + u. Let i(b) = -b**3 - 2*b**2 + b**3 - b**3 + 2 + 3*b**2. Determine i(o).
2
Let n(m) be the first derivative of -m**2 - m - 12. Give n(-1).
1
Let a(o) = -o**2 - 4*o. Let i be a(-2). Suppose 2*f = -i*f + 12. Let u(z) = z**2 + 2*z - 2. What is u(f)?
6
Let f(i) = i**3 - 5*i**2 + 5*i + 2. Let y(x) = 2*x**3 - 3*x**3 + 3*x + 0*x**2 + 2*x**2. Let w be y(3). Suppose -2*u - 4 + 12 = w. Determine f(u).
6
Let o(h) = -7*h - 46. Let j be o(-6). Let s(c) be the third derivative of -c**5/60 - 5*c**4/24 - 2*c**3/3 + c**2. What is s(j)?
0
Let m = -4 - -5. Let n(c) = 5*c + 0*c - m + c. Let k = -11 + 12. What is n(k)?
5
Let o(w) be the third derivative of w**9/60480 - w**8/2880 + w**7/720 + w**6/144 + 7*w**5/60 - 2*w**2. Let x(s) be the third derivative of o(s). Calculate x(6).
11
Let r(j) = -j**2 + 6*j - 10. Let t(x) = -x**2 - 9*x + 29. Let u be t(-11). Determine r(u).
-17
Let u(i) = -9*i - i**3 - 2*i**2 + 2 + 0*i**3 - 11 - 6*i**2. What is u(-7)?
5
Let s(a) be the first derivative of a**3/3 + 2*a**2 - 4*a - 3. Calculate s(-6).
8
Let z = -48 + 43. Let d(o) = 2*o + 1. What is d(z)?
-9
Let l(j) = 6*j**3 + 11*j**2 - 4*j - 11. Let s be 5 + (-3)/(-6)*4. Let i(u) = 5*u**3 + 10*u**2 - 3*u - 10. Let f(g) = s*i(g) - 6*l(g). Calculate f(5).
-14
Suppose -3*z - 3*m = -7*m + 5, 12 = -3*z - 3*m. Let o(w) = -w**2 - 3*w + 4. Give o(z).
4
Let d(u) be the first derivative of -u**4 + u**3/3 - u**2 + u - 25. Determine d(1).
-4
Let c(l) = -2*l**2 + 3*l - 1. Let o be c(2). Let g(j) = -j - 2 + 2 + 1. Determine g(o).
4
Let o(v) = 6*v + 11. Let g(k) = 2*k + 4. Let z(r) = -8*g(r) + 3*o(r). Let x be z(1). Suppose -12 = x*n - 3. Let i(m) = -3*m - 3. Calculate i(n).
6
Let i be (3/(-2))/(2/(-4)). Let x(l) be the third derivative of -l**6/120 + l**5/20 - l**4/12 + l**3/2 + l**2. What is x(i)?
-3
Let t(u) = u + 96 - 192 + 104. What is t(0)?
8
Let l(u) = -u - 1. Let r(j) = 3*j - 8. Let b(v) = 4*l(v) + r(v). Calculate b(-7).
-5
Let o(w) = -4*w**3 - w**2 - w + 1. Let l(n) = 3*n - 14. Let g(s) = s + 1. Let b(h) = g(h) - l(h). Let t be b(7). Give o(t).
-5
Let i(z) = 3*z - 2. Let b = -2 - -5. Determine i(b).
7
Let c(q) = 4 - 3 - 4 - 1 + q. Let a(t) = -t**2 + 7*t - 6. Let w be a(4). Give c(w).
2
Let u = -3 + 10. Let g(i) = 2*i**2 + i**2 - i**3 - 4*i**2 + 0*i**2 + i - u. Give g(0).
-7
Let o(a) be the second derivative of a**3/3 + 3*a**2/2 - 2*a. Let i = 45 + -47. Calculate o(i).
-1
Let p(o) be the third derivative of -o**5/30 + o**4/8 - o**3/6 + 2*o**2. Let b = 16 + -8. Suppose -3*r - r = -b. Give p(r).
-3
Suppose 11*l - 20 = 6*l. Let w(f) = -2*f + 2*f**2 + f**3 - 9*f**2 - l + 7*f + 0*f. What is w(6)?
-10
Let n(p) = -p**3 - p**2 + p + 1. Let d(x) = 3*x**2 - 9*x - 2. Let v be d(3). Determine n(v).
3
Let z(g) = -g**3 + 6*g**2 + 8*g. Suppose -21 = 2*i - 5*i. Determine z(i).
7
Let w(s) = -5 + 3*s - s**2 - 10*s + 1. Suppose 3*m - 9 = 0, 0 = x - 6*x - 5*m - 15. Calculate w(x).
2
Let j(o) = 7*o**2 + 19*o + 3. Let g(z) = 4*z**2 + 10*z + 1. Let n(t) = 5*g(t) - 3*j(t). What is n(-5)?
6
Let n(t) = 4*t - 1. Let x be (16/8)/(1 + (-4 - -1)). Determine n(x).
-5
Let w(d) be the second derivative of -d**5/20 + 7*d**4/12 - 7*d**3/6 + 9*d**2/2 - 20*d. Calculate w(6).
3
Let r = -1 - -5. Suppose -r*v - 1 = g - 10, 4*g + 12 = 0. Let p(b) = -2*b - 1. Calculate p(v).
-7
Let q(d) be the third derivative of d**5/60 + d**4/4 + 2*d**3/3 + 14*d**2. What is q(-4)?
-4
Suppose -3*f - 14 = f + 2*a, 2*a + 6 = 0. Let r be -1*((-1 - -2) + f). Let s(x) = 2 - x - 1 + r. What is s(2)?
0
Suppose 0 = -2*o - 12 - 4. Let q = o + 4. Let l(v) = v + 2. Calculate l(q).
-2
Let w(h) = 6*h - 3. Suppose 2*q = -5*v - 3*q + 25, 0 = v + 4*q - 14. Determine w(v).
9
Let s(n) = n**2 + 7*n + 4. Let a(k) = k**3 + 5*k**2 - 9*k - 7. Let u be a(-6). Let m = u + -17. Calculate s(m).
-2
Let y(v) = 7 + 0*v - 4*v + v**2 - 3. Let d(p) = -4*p - 12. Let o be d(-5). Suppose 7 = 4*s - 3*h, -3*s + 4*s - 4*h = -o. Calculate y(s).
4
Let n(q) = -14*q + 6. Let r(m) = -m**2 - 1 + 0*m**3 + m**3 - m + 0. Let t be r(0). Let w(a) = -a. Let z(j) = t*n(j) + 12*w(j). Determine z(5).
4
Let o(q) = -5*q + 1. Let c = 5 + -4. What is o(c)?
-4
Let u(j) = 2*j + 12 - 3*j - 3. Let o be u(7). Let f(n) = n + 5. Let g(b) = -1. Let c(i) = f(i) + 5*g(i). What is c(o)?
2
Let r = -39 + 65. Suppose -5*p + 2*q + r = -p, -q = -p + 9. Suppose -4 = -p*j, 0 = -2*g + 3*j - 9 + 2. Let h(a) = -a**3 - a**2 + 2*a. Calculate h(g).
0
Suppose 14 = -y - 3*w, 3*y - 2*w - 4 = y. Let n(d) = -d**3 - 2*d**2 + 1. Let m be n(y). Let t(u) = -3*u**2 - 2*u + 1. What is t(m)?
-4
Let q(b) = -9*b**2 + b - 1. Suppose 3*s - 1 = 2*s. Determine q(s).
-9
Let f(s) be the third derivative of s**5/60 + s**4/12 - 5*s**3/6 + 10*s**2. Let k(y) = -y - 5. Let a be k(-5). Suppose -v - v - 10 = a. Give f(v).
10
Let q(l) = 25*l**3 - 24*l**3 + 5 + l - 3*l**2 - 4. What is q(3)?
4
Let l = -1 + 6. Let n(g) = -g**3 + 6*g**2 - 3*g - 7. Determine n(l).
3
Let v(a) = a**2 - 20*a + 16. Let o be v(19). Let b(r) = -4*r - 4. Calculate b(o).
8
Let h be -2*-6*(-3)/(-12). Suppose 2*v + 0*v = n + 9, 2*n = -5*v. Let l(z) = 3*z**v + 2*z**2 - 3*z**2 - 3 + 2*z - 5*z. Determine l(h).
6
Let c(v) = v**2 + 5*v - 6. Let b(m) = m**3 - 5*m**2 + 5*m - 4. Let y be b(3). What is c(y)?
8
Let b(z) = z - 26. Let y be b(17). Let a(u) = u + 11. Calculate a(y).
2
Let m(z) = -z**3 - 6*z**2 - 6*z - 1. Let n(s) = -s**2 + 6*s + 5. Let o be n(6). Suppose -w - 1 = l, -4*w + o = 3*l + w. Calculate m(l).
4
Let n(w) = -3*w - 4. Let v(c) = 0 + 0 - 1 + 3*c + 2*c. Let d be v(-2). Let x = 7 + d. Calculate n(x).
8
Let s(k) = -k**3 - 3*k**2 + 2. Let a(d) = -5*d - 1. Let y be a(1). Let o be 4/(4*(-3)/y). Let l(g) = -g**2 + 2. Let f be l(o). Calculate s(f).
-2
Let k(h) = h**3 - 5*h**2 - 7*h + 8. Let z(l) = 2*l**2 - l. Let m be z(2). What is k(m)?
2
Let s be -10*1*(-2)/(-4). Suppose -2*l + 29 = 5*j, -5*j + 23 + 2 = 0. Let w(b) = -8*b + b + l*b**3 - b**3 + 4*b**2. Calculate w(s).
10
Let f(q) be the first derivative of q**3/3 + q**2/2 - 36. Let d(a) = -a**2 + a. Let z be d(1). What is f(z)?
0
Suppose -t - 16 = 4*s, 3*t = -0*s - s - 15. Let x(r) = -5 + 0 + 0*r - 3*r. Give x(t).
7
Let l(a) be the third derivative of -a**8/3360 + a**7/630 - a**6/180 + a**5/40 - a**4/24 - 3*a**2. Let q(w) be the second derivative of l(w). Calculate q(2).
-5
Let g(j) = 0 + 3 - 2 + j. Determine g(6).
7
Let u = -48 - -53. Let b(k) = 6*k**3 - 9*k**2 - 11*k + 5. Let m(n) = -7*n**3 + 10*n**2 + 12*n - 6. Let x(w) = 6*b(w) + 5*m(w). Determine x(u).
-5
Let t(q) = -q**3 + 11*q**2 - 9*q - 4. Let l be t(10). Let h(d) = -2*d + 4. Determine h(l).
-8
Let w(o) = o - 2. Let a be w(2). Let x = a + 5. Let t(u) be the first derivative of u**2/2 + 5*u + 2. Calculate t(x).
10
Let j(g) be the second derivative of g**4/12 - 7*g**3/6 + 3*g**2 + 3*g. What is j(5)?
-4
Suppose -15 = 3*a + 4*i, 4*a - 2*i + 21 = -7*i. Let o be (a/(-6))/((-6)/(-4)). Let h(r) = -4*r**3 + r**2 - r. Give h(o).
-4
Let h(j) = 3*j**2 - 3*j + j**3 - 2 + j - 1. Determine h(-3).
3
Suppose 4*a + 0 = o - 15, 2*o + 5*a = -9. Let p(q) = 2*q - 2*q**o + q**3 - q**2 + 0*q - 1. Determine p(-2).
-1
Let t(g) = 3*g**2 + 3*g. Suppose -3*z - 4*q - 8 = -20, -6 = -5*z - 2*q. Suppose 3 = b - o - z*o, 5*o = -5*b - 35. Calculate t(b).
6
Let c = 8 + -5. Let k(n) = -n**3 - 5*n**3 + 5*n**c - n. Let h be 3*(1/(-3) - -1). Calculate k(h).
-10
Let y(v) = v**3 + v + 6. Let z = 21 + -21. What is